 composite?
True
Is 14483985979 prime?
False
Is 130385347 prime?
True
Is 690561731 a prime number?
True
Is 1981216547 prime?
True
Is 1708623611 prime?
True
Is 75114599101 a prime number?
False
Is 104791879 composite?
True
Is 282370687 a composite number?
False
Is 3912149489 prime?
True
Is 4635451757 prime?
False
Is 41194098467 a prime number?
True
Is 3455472287 prime?
True
Is 4228620701 composite?
False
Is 53749148939 prime?
True
Is 1677868807 prime?
True
Is 7872091243 a composite number?
True
Is 26225123159 a composite number?
False
Is 19223406049 composite?
True
Is 96020447693 composite?
True
Is 4586403379 prime?
True
Is 2325455533 composite?
False
Is 13833980491 composite?
False
Is 36598841657 prime?
False
Is 689499529 a prime number?
False
Is 425521241 a prime number?
False
Is 101758139023 a prime number?
True
Is 355451513 prime?
False
Is 7929164591 a composite number?
False
Is 84982363 prime?
True
Is 3446408319 composite?
True
Is 3466702039 composite?
False
Is 27666102803 composite?
False
Is 10182297551 composite?
True
Is 10930962557 composite?
True
Is 1187234641 a composite number?
False
Is 18783737337 a prime number?
False
Is 967085729 prime?
True
Is 1493486807 prime?
False
Is 34056984023 a composite number?
False
Is 2942432813 a composite number?
False
Is 14018812703 a composite number?
True
Is 32036319493 composite?
True
Is 142368413531 a composite number?
True
Is 619640017 a composite number?
True
Is 6600080231 a composite number?
True
Is 3202677587 a composite number?
True
Is 36083108969 composite?
False
Is 26553198209 a prime number?
True
Is 10680653017 a composite number?
True
Is 1281653779 a composite number?
True
Is 2489509331 composite?
False
Is 6543462439 prime?
False
Is 1686851311 prime?
True
Is 38549572939 a prime number?
True
Is 434184577 a composite number?
True
Is 7143065221 a composite number?
False
Is 13403968381 composite?
False
Is 63800214059 composite?
False
Is 241792543 composite?
False
Is 2684088857 prime?
False
Is 14239321709 a prime number?
True
Is 899031503 composite?
True
Is 78856818083 composite?
False
Is 16301228939 a prime number?
False
Is 36552522359 prime?
True
Is 1545735787 prime?
True
Is 732685939 a prime number?
False
Is 2095156093 a prime number?
True
Is 58446403805 composite?
True
Is 512270453 composite?
False
Is 35355628657 composite?
True
Is 3688267355 a composite number?
True
Is 2497877243 a composite number?
True
Is 52183361 composite?
False
Is 8807438333 a prime number?
True
Is 103315619 a prime number?
False
Is 12593104247 composite?
True
Is 36664774489 prime?
False
Is 16244725073 composite?
False
Is 35006089969 prime?
True
Is 7037181547 a composite number?
True
Is 600286151 a composite number?
False
Is 81185620501 composite?
True
Is 237432347 a composite number?
False
Is 129801223579 prime?
True
Is 106368098173 composite?
False
Is 20775666893 prime?
False
Is 1182243541 a composite number?
True
Is 1899037039 composite?
False
Is 138560298911 composite?
False
Is 14881035023 prime?
False
Is 616424593 prime?
True
Is 4306696429 prime?
False
Is 4784663937 a prime number?
False
Is 34481298119 a composite number?
False
Is 28374930169 composite?
True
Is 5141596241 composite?
True
Is 501217231 a prime number?
False
Is 2254037687 a composite number?
True
Is 51882356137 prime?
False
Is 9503003 a prime number?
False
Is 4288618757 prime?
True
Is 50225420963 composite?
True
Is 1687447561 composite?
False
Is 45662363 a prime number?
False
Is 1032368801 a composite number?
False
Is 2749716483 a composite number?
True
Is 361413777 a prime number?
False
Is 1511792913 composite?
True
Is 5638949621 prime?
True
Is 975430013 composite?
True
Is 11357807723 a composite number?
True
Is 47780123 a composite number?
True
Is 359391323 a composite number?
True
Is 825981353 composite?
True
Is 210783299 prime?
True
Is 294657553 a prime number?
False
Is 34370366897 prime?
False
Is 1938805529 a composite number?
False
Is 3126588763 composite?
True
Is 12885424901 composite?
False
Is 1617611783 composite?
True
Is 280951445 a prime number?
False
Is 26955829651 prime?
True
Is 1494522719 composite?
False
Is 961825379 a composite number?
False
Is 2884528589 composite?
True
Is 8690078417 prime?
True
Is 8272890601 a prime number?
False
Is 51903099971 a composite number?
True
Is 19714469567 prime?
False
Is 928164007 prime?
True
Is 37960900067 a prime number?
True
Is 139674817 a composite number?
True
Is 13290600361 prime?
True
Is 2768267759 a prime number?
True
Is 126687627826 a composite number?
True
Is 266336257469 prime?
False
Is 321026243 composite?
False
Is 321708505 prime?
False
Is 1186563791 a prime number?
False
Is 917108817 a prime number?
False
Is 5747521301 a prime number?
True
Is 14201724013 a composite number?
True
Is 36619737853 prime?
True
Is 268492141 a prime number?
True
Is 7079988185 composite?
True
Is 1388998729 a composite number?
True
Is 35990448719 prime?
True
Is 73568087 a composite number?
False
Is 95791424473 a composite number?
True
Is 5061712213 a prime number?
False
Is 14184884851 prime?
False
Is 25852889 prime?
True
Is 23237601601 a prime number?
False
Is 26845968469 composite?
True
Is 14774749285 a composite number?
True
Is 6368961011 a prime number?
False
Is 92119757 prime?
True
Is 45852871487 a prime number?
False
Is 1059733559 a prime number?
True
Is 39340849487 a composite number?
True
Is 433607717 composite?
True
Is 17455775837 a prime number?
True
Is 79858463501 a prime number?
True
Is 47017666699 a prime number?
True
Is 301412478979 composite?
False
Is 174947387 composite?
False
Is 670570081 a prime number?
True
Is 2219735627 a prime number?
True
Is 8490857381 a composite number?
False
Is 22564543115 composite?
True
Is 23255322073 a composite number?
False
Is 206373103 prime?
False
Is 135179213077 a composite number?
True
Is 269909371 a composite number?
False
Is 15320292359 a prime number?
True
Is 3232621123 a composite number?
True
Is 158982431 composite?
False
Is 5632733761 composite?
False
Is 1998607769 composite?
True
Is 5055308423 a prime number?
False
Is 1816316309 composite?
False
Is 4981868909 composite?
True
Is 56581814299 composite?
False
Is 369545893 composite?
False
Is 254326867 a prime number?
False
Is 3001923749 a prime number?
False
Is 382498477 composite?
True
Is 6590835851 prime?
True
Is 143223457415 a prime number?
False
Is 18781875947 a composite number?
True
Is 2387047127 composite?
False
Is 280614043 a composite number?
False
Is 6658084541 composite?
False
Is 6229527877 prime?
True
Is 1983136541 a prime number?
False
Is 300129241 prime?
False
Is 58422365611 prime?
False
Is 17684579833 composite?
True
Is 17737004863 prime?
True
Is 4128081173 a composite number?
False
Is 2115425159 prime?
True
Is 27169192319 a composite number?
False
Is 252923023 composite?
False
Is 1963818319 composite?
False
Is 10581883501 a prime number?
False
Is 201138128117 composite?
False
Is 8784843599 composite?
True
Is 1699665217 prime?
True
Is 149275135 a prime number?
False
Is 120580303067 a composite number?
True
Is 8033851271 prime?
True
Is 11718496241 composite?
True
Is 63547518257 a composite number?
True
Is 1141974859 composite?
False
Is 1650060989 a prime number?
True
Is 7076284021 a composite number?
True
Is 2204419409 prime?
True
Is 33245057 prime?
True
Is 7589647381 prime?
False
Is 7594982441 prime?
False
Is 80893181 a prime number?
True
Is 96619927 prime?
True
Is 1017765233 a prime number?
True
Is 145509115701 prime?
False
Is 16883289835 a composite number?
True
Is 212111287 composite?
True
Is 4457832937 a prime number?
False
Is 4497285473 a prime number?
False
Is 225275768219 prime?
True
Is 1262321771 a composite number?
True
Is 6054199999 composite?
True
Is 8291908087 a composite number?
False
Is 2450163197 a composite number?
True
Is 67013351903 a composite number?
True
Is 1236159481 a composite number?
True
Is 367938001 a composite number?
True
Is 44936550871 composite?
False
Is 214661406209 composite?
False
Is 14745751517 composite?
True
Is 14886329669 composite?
False
Is 2273689307 a composite number?
False
Is 653183079 composite?
True
Is 9250197053 prime?
True
Is 42333581 prime?
True
Is 4034747401 a composite number?
True
Is 9406376843 a prime number?
True
Is 568344251 prime?
False
